e j - m = u. What is the units digit of j?
6
Let j(m) = -35*m**3 + 4*m**2 - m + 11. What is the hundreds digit of j(-4)?
3
Let x be 0 + (-5)/(-5)*2. Suppose 0 = 4*y - 9*y, -2*y + 72 = x*r. What is the tens digit of r?
3
Let r be (-1 - -4)/(124/56 + -2). Suppose 5*m = 171 + r. What is the units digit of m?
7
Suppose -z = -0 - 4. What is the hundreds digit of 30/3*70/z?
1
Let d(t) = t - 1 - 2*t + 9*t**2 + 3*t. Suppose 1 = -6*y - 11. What is the units digit of d(y)?
1
Suppose 40*f - 30*f - 28760 = 0. What is the hundreds digit of f?
8
Let v(p) = -1 - 6*p**2 + p**3 + 4 + 2*p + 3*p**2 - 6. Let y be v(3). Let g(n) = 3*n**2 - 3*n + 4. What is the tens digit of g(y)?
2
Suppose -407*q = -398*q - 306. What is the tens digit of q?
3
Suppose 0 = 3*i - 5*m - 11, 0*i - 2*m + 4 = 3*i. What is the units digit of -60*(-1 - i - (-65)/25)?
4
Let c(k) = -1 + 0*k**2 - 2*k**2 + 3*k**3 - 6. What is the hundreds digit of c(4)?
1
Suppose -o - o = 5*c - 10147, 5*o + 2024 = c. What is the units digit of c?
9
Suppose 0 = 3*t - 10*t + 28. Suppose 576 = t*r + 2*r. What is the units digit of r?
6
Let d = 91 + -81. Let j(h) = h**3 - 9*h**2 + 9*h + 13. What is the hundreds digit of j(d)?
2
Let v = -752 + 1504. Suppose v = 5*j - j. Suppose -6*g - i = -g - 276, j = 3*g - 5*i. What is the units digit of g?
6
Let h = -40 - -219. What is the units digit of h?
9
Let r = 76 - -147. What is the hundreds digit of r?
2
Let t = 26 - -554. What is the hundreds digit of t?
5
Let b be (-22)/(-1) - 6/3. What is the units digit of (b/30)/(1/78)?
2
Let h = 9535 + -6707. What is the tens digit of h?
2
Let k(f) = -2*f**2 + 9*f + 10. Let s be k(6). Let u(n) = 15 - 3*n + 3*n + n. What is the units digit of u(s)?
7
Suppose 2*b - 5*f = 4062, -b - 5*f + 1613 + 448 = 0. What is the units digit of b?
1
Let q(m) = 3*m - 3. Let o be ((-2)/(-3))/((-8)/(-168)). Let y(h) = h**3 - 14*h**2 + 9. Let l be y(o). What is the tens digit of q(l)?
2
Suppose 13*v - 11333 + 3221 = 0. What is the tens digit of v?
2
Suppose 0*g = 4*g - 4. Let a be (g*-4)/(-7 + 5). Suppose a*b + 3*b = 105. What is the units digit of b?
1
Let b(i) = i**2 + 3*i - 26. Let x be b(-18). Suppose g = 3*l - 0*l - x, 2*g - 322 = -4*l. What is the tens digit of l?
8
Suppose -233*v = -231*v - 3036. What is the hundreds digit of v?
5
Let t = 552 - 360. What is the hundreds digit of t?
1
Suppose -2*t = -l - 8 - 12, -3*t + 3*l + 30 = 0. Suppose 8*i - t = 134. What is the tens digit of i?
1
Let v = 69 + -87. What is the units digit of (v/(-15))/((-9)/(-15))?
2
What is the tens digit of (7/((-49)/(-28)))/(2/101)?
0
Let t be 540/(-8) - 2/4. Let w = 355 + t. What is the tens digit of w?
8
Suppose 4*u - 5*y - 9275 = 0, -15*u + 11578 = -10*u - y. What is the hundreds digit of u?
3
Let r be (31/(-3))/(1/(-3)). Let y(v) = 4*v**2 + 14*v - 6. Let f be y(-6). Let q = f - r. What is the tens digit of q?
2
Let s be (-9)/9 + 4 + 0. Suppose -4*d - 4*m + 92 = 0, 3*m + 48 = 2*d + 6*m. Suppose s = -z + d. What is the units digit of z?
8
What is the units digit of (-13353)/(-6) + (-155)/62?
3
Suppose -4*n + 15 = -3*v + 9, -2*n + 14 = 4*v. Suppose 2*o - 1 = -n, o = 3*a - 553. What is the units digit of a?
4
Let m(z) = -4 - z + 14 - 4*z. Let q = 3 + -8. What is the units digit of m(q)?
5
Suppose -90*n = -84*n - 4848. What is the hundreds digit of n?
8
Suppose 5*d = 7*d - 1240. Suppose -d - 256 = -6*j. What is the units digit of j?
6
Let r(d) = 5*d**2 - d - 3. Let c = 8 - -2. Let h = 13 - c. What is the units digit of r(h)?
9
Let y(i) = -25*i - 3. Let o be y(-3). Suppose -5*d + 58 = -o. Let f = d - 14. What is the tens digit of f?
1
Suppose -8677 = -5*k + 383. What is the hundreds digit of k?
8
Suppose -26*k - 1204 = -10616. What is the tens digit of k?
6
Let g(u) = u + 2. Let r be g(0). Let s = -4 - r. Let l(o) = 2*o**2 + 4*o + 9. What is the units digit of l(s)?
7
Let r(m) be the first derivative of 4*m**3/3 + 2*m**2 - 12*m - 2. What is the units digit of r(-5)?
8
What is the units digit of ((-16)/(-88) + (-37978)/(-88))*8?
4
Let n(k) = -k**3 + 17*k**2 + 10*k + 1. Let v be n(14). Suppose 246 = -7*s + v. What is the units digit of s?
9
Suppose 9*k - 7*k = -3*l + 904, -2*k = -3*l - 892. What is the hundreds digit of k?
4
What is the units digit of 7070/(-35)*((-9)/6 + 0)?
3
Suppose 0 = 2*c - 4*g - 187 - 23, -c = 2*g - 109. What is the hundreds digit of c?
1
Let j(m) = m**3 - 10*m**2 - m + 10. Let d be j(10). Let n(i) = -i + 3. Let y be n(d). Suppose y*t - 143 = 73. What is the units digit of t?
2
Let r be (-1)/((1 + 2)/(-6)). Suppose -r*u = 4 + 10. Let i(b) = b**2 + 3*b - 10. What is the units digit of i(u)?
8
Suppose 4*m - 2*n = 34, -3*m + 8 = -5*n - 28. Suppose -m*o = -41 - 652. What is the units digit of o?
9
Let z = 1 + -2. Let d be (z + 5)/((-2)/(-5)). Let t = 27 - d. What is the units digit of t?
7
What is the hundreds digit of 8785/(-14)*10/(-25)?
2
Let i(r) = -41*r + 19. What is the hundreds digit of i(-2)?
1
Let d(q) = 2*q**3 - 5*q**2 - q + 1. Let x be d(4). What is the units digit of x - 3/((-3)/(-4))?
1
Let k(s) = 32*s**2 + 31*s + 96. What is the tens digit of k(-13)?
0
Suppose -k - 15 = -5*y, -k = -0*k - 3*y + 7. Suppose 2*u = 7*u + k. What is the units digit of u - -18 - (3 - 1)?
5
Let z(b) = 21*b**3 - 3*b**2 - 13*b. What is the units digit of z(3)?
1
Suppose -4*v + 356 = 5*d, 11*v - d + 278 = 14*v. What is the tens digit of v?
9
Suppose -31 = 3*b - 5*t, 0 = b + 2*t + 2 + 1. Let g(p) be the second derivative of -2*p**3/3 - 4*p**2 - 3*p. What is the tens digit of g(b)?
2
Suppose 0 = -3*c - 8 + 62. Suppose 2 = -5*s - c. What is the units digit of 2/s - (-3)/2?
1
Let s = 10 + -9. Let o(w) = s - 1 + 0 + 20*w. What is the units digit of o(1)?
0
Let j = 154 - 342. Let x = 344 + j. Suppose 8*w - x = 4*w. What is the units digit of w?
9
Let f be ((36/(-8))/(-3))/((-6)/(-8)). Suppose 2*y + 0*y = 0. Suppose f*c + 2*c - 12 = y. What is the units digit of c?
3
Let w be 2/(-5) - 85/(-25). Suppose b + l - 7 = 0, b - 5*b = -w*l - 21. What is the units digit of 21/b*36/21?
6
Let k(i) be the second derivative of i**6/180 + 17*i**5/120 + i**4/2 + 6*i. Let s(z) be the third derivative of k(z). What is the tens digit of s(10)?
5
Let u(p) = -3*p - 3*p**3 + 1 + 2*p + 2*p**3 + 2*p**3. What is the tens digit of u(3)?
2
What is the hundreds digit of 949/(-219)*(-472 - 2)?
0
Suppose 33*z - 27*z - 2154 = 0. What is the units digit of z?
9
What is the units digit of (69/2 + -5)*24?
8
Let q(z) = -2*z**2 + 30*z - 4. What is the tens digit of q(9)?
0
Suppose 468 = 9*u - 72. What is the units digit of u?
0
Let k(n) = n**3 - 9*n**2 + 13*n - 11. Let q be k(8). Let x = 77 - q. What is the units digit of x?
8
Let k = 226 + -24. What is the units digit of k?
2
What is the hundreds digit of (-4)/((-40)/26610) - -1?
6
Suppose -v = -3, -5*v - 93 = s - 3*s. Suppose -4*q = -3*j - 134, -4 = -3*j + 2. Let a = s - q. What is the tens digit of a?
1
Suppose 3*y + 3*m = 6*m + 6900, -2312 = -y + 4*m. What is the tens digit of y?
9
Suppose 3*a = 4*a - 13. Suppose a - 9 = -2*h. What is the units digit of (-6)/3 + 27 + h?
3
Suppose -39*u = -45*u + 2820. What is the hundreds digit of u?
4
Suppose -17*c + 29314 + 9157 = 0. What is the tens digit of c?
6
Let p = 445 + -77. What is the hundreds digit of p?
3
Suppose -3*p + 8146 = -2*x, 19*p - 14*p - 4*x - 13580 = 0. What is the units digit of p?
2
Let i be -3*(12/21 - 120/63). Suppose 11*c - i*c = 959. What is the units digit of c?
7
Let t(i) = -3*i - 3. Suppose 0 = -5*b - 0*b + 3*r + 7, -3*b = r - 7. Suppose 3*y + y + 9 = -u, 2 = -b*y. What is the tens digit of t(u)?
1
Let x(h) = 2*h**2 + 36*h + 73. Let u be x(-23). Suppose 1467 - u = 6*j. What is the hundreds digit of j?
1
Let y = 68 + -145. Let u = y + 36. Let g = u - -67. What is the units digit of g?
6
Let z(x) = -21*x - 14. What is the units digit of z(-20)?
6
Let i(m) be the second derivative of -m**5/20 + 7*m**4/12 - 7*m**3/6 + 7*m**2/2 - 5*m. Let l be i(6). What is the units digit of l + (3 - 3) - -26?
7
Let j be (-4)/8 + 9/2. Suppose -3*p + 3 = 0, 5*m + 5*p = 2*p + 18. Let a = j - m. What is the units digit of a?
1
Suppose 5*t = -t + 30. Suppose 2 = -3*p + t. What is the units digit of p?
1
Suppose 3*k = 3*f + 2*k - 1769, -2953 = -5*f - 3*k. What is the tens digit of f?
9
Let d be ((-11)/(-22))/((-2